{"id":1221,"date":"2020-08-16T14:59:03","date_gmt":"2020-08-16T14:59:03","guid":{"rendered":"http:\/\/josselin-limon-duparcmeur.fr\/?page_id=1221"},"modified":"2024-06-25T16:26:30","modified_gmt":"2024-06-25T16:26:30","slug":"1221-2","status":"publish","type":"page","link":"https:\/\/josselin-limon-duparcmeur.fr\/?page_id=1221","title":{"rendered":""},"content":{"rendered":"\n\t\t<style type=\"text\/css\">\n\t\t\t#gallery-1 {\n\t\t\t\tmargin: auto;\n\t\t\t}\n\t\t\t#gallery-1 .gallery-item {\n\t\t\t\tfloat: left;\n\t\t\t\tmargin-top: 10px;\n\t\t\t\ttext-align: center;\n\t\t\t\twidth: 25%;\n\t\t\t}\n\t\t\t#gallery-1 img {\n\t\t\t\tborder: 2px solid #cfcfcf;\n\t\t\t}\n\t\t\t#gallery-1 .gallery-caption {\n\t\t\t\tmargin-left: 0;\n\t\t\t}\n\t\t\t\/* see gallery_shortcode() in wp-includes\/media.php *\/\n\t\t<\/style>\n\t\t<div id='gallery-1' class='gallery galleryid-1221 gallery-columns-4 gallery-size-large'><dl class='gallery-item'>\n\t\t\t<dt class='gallery-icon portrait'>\n\t\t\t\t<a href='https:\/\/josselin-limon-duparcmeur.fr\/?attachment_id=1222#main'><img loading=\"lazy\" decoding=\"async\" width=\"640\" height=\"905\" src=\"https:\/\/josselin-limon-duparcmeur.fr\/wp-content\/uploads\/2020\/08\/mardi-noir-nantua-couverture-724x1024.jpg\" class=\"attachment-large size-large\" alt=\"mardi noir nantua ain musee resistance deportation bd historique histoire guerre mondiale swann meralli pierre mercier josselin limon duparcmeur rafle 1943\" srcset=\"https:\/\/josselin-limon-duparcmeur.fr\/wp-content\/uploads\/2020\/08\/mardi-noir-nantua-couverture-724x1024.jpg 724w, https:\/\/josselin-limon-duparcmeur.fr\/wp-content\/uploads\/2020\/08\/mardi-noir-nantua-couverture-212x300.jpg 212w, https:\/\/josselin-limon-duparcmeur.fr\/wp-content\/uploads\/2020\/08\/mardi-noir-nantua-couverture-768x1086.jpg 768w, https:\/\/josselin-limon-duparcmeur.fr\/wp-content\/uploads\/2020\/08\/mardi-noir-nantua-couverture.jpg 794w\" sizes=\"auto, (max-width: 640px) 100vw, 640px\" \/><\/a>\n\t\t\t<\/dt><\/dl><dl class='gallery-item'>\n\t\t\t<dt class='gallery-icon portrait'>\n\t\t\t\t<a href='https:\/\/josselin-limon-duparcmeur.fr\/?attachment_id=1223#main'><img loading=\"lazy\" decoding=\"async\" width=\"640\" height=\"901\" src=\"https:\/\/josselin-limon-duparcmeur.fr\/wp-content\/uploads\/2020\/08\/mardi-noir-nantua-p4-727x1024.jpg\" class=\"attachment-large size-large\" alt=\"mardi noir nantua ain musee resistance deportation bd historique histoire guerre mondiale swann meralli pierre mercier josselin limon duparcmeur rafle 1943\" srcset=\"https:\/\/josselin-limon-duparcmeur.fr\/wp-content\/uploads\/2020\/08\/mardi-noir-nantua-p4-727x1024.jpg 727w, https:\/\/josselin-limon-duparcmeur.fr\/wp-content\/uploads\/2020\/08\/mardi-noir-nantua-p4-213x300.jpg 213w, https:\/\/josselin-limon-duparcmeur.fr\/wp-content\/uploads\/2020\/08\/mardi-noir-nantua-p4-768x1082.jpg 768w, https:\/\/josselin-limon-duparcmeur.fr\/wp-content\/uploads\/2020\/08\/mardi-noir-nantua-p4.jpg 1153w\" sizes=\"auto, (max-width: 640px) 100vw, 640px\" \/><\/a>\n\t\t\t<\/dt><\/dl><dl class='gallery-item'>\n\t\t\t<dt class='gallery-icon portrait'>\n\t\t\t\t<a href='https:\/\/josselin-limon-duparcmeur.fr\/?attachment_id=1523#main'><img loading=\"lazy\" decoding=\"async\" width=\"640\" height=\"901\" src=\"https:\/\/josselin-limon-duparcmeur.fr\/wp-content\/uploads\/2022\/01\/mardi-noir-nantua-p7-727x1024.jpg\" class=\"attachment-large size-large\" alt=\"\" srcset=\"https:\/\/josselin-limon-duparcmeur.fr\/wp-content\/uploads\/2022\/01\/mardi-noir-nantua-p7-727x1024.jpg 727w, https:\/\/josselin-limon-duparcmeur.fr\/wp-content\/uploads\/2022\/01\/mardi-noir-nantua-p7-213x300.jpg 213w, https:\/\/josselin-limon-duparcmeur.fr\/wp-content\/uploads\/2022\/01\/mardi-noir-nantua-p7-768x1082.jpg 768w, https:\/\/josselin-limon-duparcmeur.fr\/wp-content\/uploads\/2022\/01\/mardi-noir-nantua-p7.jpg 1153w\" sizes=\"auto, (max-width: 640px) 100vw, 640px\" \/><\/a>\n\t\t\t<\/dt><\/dl><dl class='gallery-item'>\n\t\t\t<dt class='gallery-icon portrait'>\n\t\t\t\t<a href='https:\/\/josselin-limon-duparcmeur.fr\/?attachment_id=1224#main'><img loading=\"lazy\" decoding=\"async\" width=\"640\" height=\"901\" src=\"https:\/\/josselin-limon-duparcmeur.fr\/wp-content\/uploads\/2020\/08\/mardi-noir-nantua-p12-727x1024.jpg\" class=\"attachment-large size-large\" alt=\"mardi noir nantua ain musee resistance deportation bd historique histoire guerre mondiale swann meralli pierre mercier josselin limon duparcmeur rafle 1943\" srcset=\"https:\/\/josselin-limon-duparcmeur.fr\/wp-content\/uploads\/2020\/08\/mardi-noir-nantua-p12-727x1024.jpg 727w, https:\/\/josselin-limon-duparcmeur.fr\/wp-content\/uploads\/2020\/08\/mardi-noir-nantua-p12-213x300.jpg 213w, https:\/\/josselin-limon-duparcmeur.fr\/wp-content\/uploads\/2020\/08\/mardi-noir-nantua-p12-768x1082.jpg 768w, https:\/\/josselin-limon-duparcmeur.fr\/wp-content\/uploads\/2020\/08\/mardi-noir-nantua-p12.jpg 1153w\" sizes=\"auto, (max-width: 640px) 100vw, 640px\" \/><\/a>\n\t\t\t<\/dt><\/dl><br style=\"clear: both\" \/><dl class='gallery-item'>\n\t\t\t<dt class='gallery-icon portrait'>\n\t\t\t\t<a href='https:\/\/josselin-limon-duparcmeur.fr\/?attachment_id=1225#main'><img loading=\"lazy\" decoding=\"async\" width=\"640\" height=\"901\" src=\"https:\/\/josselin-limon-duparcmeur.fr\/wp-content\/uploads\/2020\/08\/mardi-noir-nantua-p13-727x1024.jpg\" class=\"attachment-large size-large\" alt=\"mardi noir nantua ain musee resistance deportation bd historique histoire guerre mondiale swann meralli pierre mercier josselin limon duparcmeur rafle 1943\" srcset=\"https:\/\/josselin-limon-duparcmeur.fr\/wp-content\/uploads\/2020\/08\/mardi-noir-nantua-p13-727x1024.jpg 727w, https:\/\/josselin-limon-duparcmeur.fr\/wp-content\/uploads\/2020\/08\/mardi-noir-nantua-p13-213x300.jpg 213w, https:\/\/josselin-limon-duparcmeur.fr\/wp-content\/uploads\/2020\/08\/mardi-noir-nantua-p13-768x1082.jpg 768w, https:\/\/josselin-limon-duparcmeur.fr\/wp-content\/uploads\/2020\/08\/mardi-noir-nantua-p13.jpg 1153w\" sizes=\"auto, (max-width: 640px) 100vw, 640px\" \/><\/a>\n\t\t\t<\/dt><\/dl><dl class='gallery-item'>\n\t\t\t<dt class='gallery-icon portrait'>\n\t\t\t\t<a href='https:\/\/josselin-limon-duparcmeur.fr\/?attachment_id=1872#main'><img loading=\"lazy\" decoding=\"async\" width=\"640\" height=\"905\" src=\"https:\/\/josselin-limon-duparcmeur.fr\/wp-content\/uploads\/2023\/09\/p16-724x1024.jpg\" class=\"attachment-large size-large\" alt=\"mardi noir nantua ain musee resistance deportation bd historique histoire guerre mondiale swann meralli pierre mercier josselin limon duparcmeur rafle 1943\" srcset=\"https:\/\/josselin-limon-duparcmeur.fr\/wp-content\/uploads\/2023\/09\/p16-724x1024.jpg 724w, https:\/\/josselin-limon-duparcmeur.fr\/wp-content\/uploads\/2023\/09\/p16-212x300.jpg 212w, https:\/\/josselin-limon-duparcmeur.fr\/wp-content\/uploads\/2023\/09\/p16-768x1087.jpg 768w, https:\/\/josselin-limon-duparcmeur.fr\/wp-content\/uploads\/2023\/09\/p16-1086x1536.jpg 1086w, https:\/\/josselin-limon-duparcmeur.fr\/wp-content\/uploads\/2023\/09\/p16.jpg 1123w\" sizes=\"auto, (max-width: 640px) 100vw, 640px\" \/><\/a>\n\t\t\t<\/dt><\/dl><dl class='gallery-item'>\n\t\t\t<dt class='gallery-icon portrait'>\n\t\t\t\t<a href='https:\/\/josselin-limon-duparcmeur.fr\/?attachment_id=1226#main'><img loading=\"lazy\" decoding=\"async\" width=\"640\" height=\"901\" src=\"https:\/\/josselin-limon-duparcmeur.fr\/wp-content\/uploads\/2020\/08\/mardi-noir-nantua-p33-727x1024.jpg\" class=\"attachment-large size-large\" alt=\"mardi noir nantua ain musee resistance deportation bd historique histoire guerre mondiale swann meralli pierre mercier josselin limon duparcmeur rafle 1943\" srcset=\"https:\/\/josselin-limon-duparcmeur.fr\/wp-content\/uploads\/2020\/08\/mardi-noir-nantua-p33-727x1024.jpg 727w, https:\/\/josselin-limon-duparcmeur.fr\/wp-content\/uploads\/2020\/08\/mardi-noir-nantua-p33-213x300.jpg 213w, https:\/\/josselin-limon-duparcmeur.fr\/wp-content\/uploads\/2020\/08\/mardi-noir-nantua-p33-768x1082.jpg 768w, https:\/\/josselin-limon-duparcmeur.fr\/wp-content\/uploads\/2020\/08\/mardi-noir-nantua-p33.jpg 1153w\" sizes=\"auto, (max-width: 640px) 100vw, 640px\" \/><\/a>\n\t\t\t<\/dt><\/dl><dl class='gallery-item'>\n\t\t\t<dt class='gallery-icon portrait'>\n\t\t\t\t<a href='https:\/\/josselin-limon-duparcmeur.fr\/?attachment_id=1524#main'><img loading=\"lazy\" decoding=\"async\" width=\"640\" height=\"901\" src=\"https:\/\/josselin-limon-duparcmeur.fr\/wp-content\/uploads\/2022\/01\/mardi-noir-nantua-p39-727x1024.jpg\" class=\"attachment-large size-large\" alt=\"\" srcset=\"https:\/\/josselin-limon-duparcmeur.fr\/wp-content\/uploads\/2022\/01\/mardi-noir-nantua-p39-727x1024.jpg 727w, https:\/\/josselin-limon-duparcmeur.fr\/wp-content\/uploads\/2022\/01\/mardi-noir-nantua-p39-213x300.jpg 213w, https:\/\/josselin-limon-duparcmeur.fr\/wp-content\/uploads\/2022\/01\/mardi-noir-nantua-p39-768x1082.jpg 768w, https:\/\/josselin-limon-duparcmeur.fr\/wp-content\/uploads\/2022\/01\/mardi-noir-nantua-p39.jpg 1153w\" sizes=\"auto, (max-width: 640px) 100vw, 640px\" \/><\/a>\n\t\t\t<\/dt><\/dl><br style=\"clear: both\" \/>\n\t\t<\/div>\n\n<p><a href=\"https:\/\/www.nantua.fr\/culture\/musee-de-la-resistance\/\" target=\"_blank\" rel=\"noopener noreferrer\">Mus\u00e9e de la R\u00e9sistance et de la D\u00e9portation de l\u2019Ain<\/a><\/p>\n\n\n<p><\/p>\n","protected":false},"excerpt":{"rendered":"<p>Mus\u00e9e de la R\u00e9sistance et de la D\u00e9portation de l\u2019Ain<\/p>\n","protected":false},"author":1,"featured_media":0,"parent":0,"menu_order":0,"comment_status":"closed","ping_status":"closed","template":"","meta":{"footnotes":""},"class_list":["post-1221","page","type-page","status-publish","hentry"],"_links":{"self":[{"href":"https:\/\/josselin-limon-duparcmeur.fr\/index.php?rest_route=\/wp\/v2\/pages\/1221","targetHints":{"allow":["GET"]}}],"collection":[{"href":"https:\/\/josselin-limon-duparcmeur.fr\/index.php?rest_route=\/wp\/v2\/pages"}],"about":[{"href":"https:\/\/josselin-limon-duparcmeur.fr\/index.php?rest_route=\/wp\/v2\/types\/page"}],"author":[{"embeddable":true,"href":"https:\/\/josselin-limon-duparcmeur.fr\/index.php?rest_route=\/wp\/v2\/users\/1"}],"replies":[{"embeddable":true,"href":"https:\/\/josselin-limon-duparcmeur.fr\/index.php?rest_route=%2Fwp%2Fv2%2Fcomments&post=1221"}],"version-history":[{"count":15,"href":"https:\/\/josselin-limon-duparcmeur.fr\/index.php?rest_route=\/wp\/v2\/pages\/1221\/revisions"}],"predecessor-version":[{"id":1929,"href":"https:\/\/josselin-limon-duparcmeur.fr\/index.php?rest_route=\/wp\/v2\/pages\/1221\/revisions\/1929"}],"wp:attachment":[{"href":"https:\/\/josselin-limon-duparcmeur.fr\/index.php?rest_route=%2Fwp%2Fv2%2Fmedia&parent=1221"}],"curies":[{"name":"wp","href":"https:\/\/api.w.org\/{rel}","templated":true}]}}

<style type="text/css">
			#gallery-1 {
				margin: auto;
			}
			#gallery-1 .gallery-item {
				float: left;
				margin-top: 10px;
				text-align: center;
				width: 25%;
			}
			#gallery-1 img {
				border: 2px solid #cfcfcf;
			}
			#gallery-1 .gallery-caption {
				margin-left: 0;
			}
			/* see gallery_shortcode() in wp-includes/media.php */
		</style>
		<div id='gallery-1' class='gallery galleryid-1221 gallery-columns-4 gallery-size-large'><dl class='gallery-item'>
			<dt class='gallery-icon portrait'>
				<a href='https://josselin-limon-duparcmeur.fr/?attachment_id=1222#main'><img loading="lazy" decoding="async" width="640" height="905" src="https://josselin-limon-duparcmeur.fr/wp-content/uploads/2020/08/mardi-noir-nantua-couverture-724x1024.jpg" class="attachment-large size-large" alt="mardi noir nantua ain musee resistance deportation bd historique histoire guerre mondiale swann meralli pierre mercier josselin limon duparcmeur rafle 1943" srcset="https://josselin-limon-duparcmeur.fr/wp-content/uploads/2020/08/mardi-noir-nantua-couverture-724x1024.jpg 724w, https://josselin-limon-duparcmeur.fr/wp-content/uploads/2020/08/mardi-noir-nantua-couverture-212x300.jpg 212w, https://josselin-limon-duparcmeur.fr/wp-content/uploads/2020/08/mardi-noir-nantua-couverture-768x1086.jpg 768w, https://josselin-limon-duparcmeur.fr/wp-content/uploads/2020/08/mardi-noir-nantua-couverture.jpg 794w" sizes="auto, (max-width: 640px) 100vw, 640px" /></a>
			</dt></dl><dl class='gallery-item'>
			<dt class='gallery-icon portrait'>
				<a href='https://josselin-limon-duparcmeur.fr/?attachment_id=1223#main'><img loading="lazy" decoding="async" width="640" height="901" src="https://josselin-limon-duparcmeur.fr/wp-content/uploads/2020/08/mardi-noir-nantua-p4-727x1024.jpg" class="attachment-large size-large" alt="mardi noir nantua ain musee resistance deportation bd historique histoire guerre mondiale swann meralli pierre mercier josselin limon duparcmeur rafle 1943" srcset="https://josselin-limon-duparcmeur.fr/wp-content/uploads/2020/08/mardi-noir-nantua-p4-727x1024.jpg 727w, https://josselin-limon-duparcmeur.fr/wp-content/uploads/2020/08/mardi-noir-nantua-p4-213x300.jpg 213w, https://josselin-limon-duparcmeur.fr/wp-content/uploads/2020/08/mardi-noir-nantua-p4-768x1082.jpg 768w, https://josselin-limon-duparcmeur.fr/wp-content/uploads/2020/08/mardi-noir-nantua-p4.jpg 1153w" sizes="auto, (max-width: 640px) 100vw, 640px" /></a>
			</dt></dl><dl class='gallery-item'>
			<dt class='gallery-icon portrait'>
				<a href='https://josselin-limon-duparcmeur.fr/?attachment_id=1523#main'><img loading="lazy" decoding="async" width="640" height="901" src="https://josselin-limon-duparcmeur.fr/wp-content/uploads/2022/01/mardi-noir-nantua-p7-727x1024.jpg" class="attachment-large size-large" alt="" srcset="https://josselin-limon-duparcmeur.fr/wp-content/uploads/2022/01/mardi-noir-nantua-p7-727x1024.jpg 727w, https://josselin-limon-duparcmeur.fr/wp-content/uploads/2022/01/mardi-noir-nantua-p7-213x300.jpg 213w, https://josselin-limon-duparcmeur.fr/wp-content/uploads/2022/01/mardi-noir-nantua-p7-768x1082.jpg 768w, https://josselin-limon-duparcmeur.fr/wp-content/uploads/2022/01/mardi-noir-nantua-p7.jpg 1153w" sizes="auto, (max-width: 640px) 100vw, 640px" /></a>
			</dt></dl><dl class='gallery-item'>
			<dt class='gallery-icon portrait'>
				<a href='https://josselin-limon-duparcmeur.fr/?attachment_id=1224#main'><img loading="lazy" decoding="async" width="640" height="901" src="https://josselin-limon-duparcmeur.fr/wp-content/uploads/2020/08/mardi-noir-nantua-p12-727x1024.jpg" class="attachment-large size-large" alt="mardi noir nantua ain musee resistance deportation bd historique histoire guerre mondiale swann meralli pierre mercier josselin limon duparcmeur rafle 1943" srcset="https://josselin-limon-duparcmeur.fr/wp-content/uploads/2020/08/mardi-noir-nantua-p12-727x1024.jpg 727w, https://josselin-limon-duparcmeur.fr/wp-content/uploads/2020/08/mardi-noir-nantua-p12-213x300.jpg 213w, https://josselin-limon-duparcmeur.fr/wp-content/uploads/2020/08/mardi-noir-nantua-p12-768x1082.jpg 768w, https://josselin-limon-duparcmeur.fr/wp-content/uploads/2020/08/mardi-noir-nantua-p12.jpg 1153w" sizes="auto, (max-width: 640px) 100vw, 640px" /></a>
			</dt></dl><br style="clear: both" /><dl class='gallery-item'>
			<dt class='gallery-icon portrait'>
				<a href='https://josselin-limon-duparcmeur.fr/?attachment_id=1225#main'><img loading="lazy" decoding="async" width="640" height="901" src="https://josselin-limon-duparcmeur.fr/wp-content/uploads/2020/08/mardi-noir-nantua-p13-727x1024.jpg" class="attachment-large size-large" alt="mardi noir nantua ain musee resistance deportation bd historique histoire guerre mondiale swann meralli pierre mercier josselin limon duparcmeur rafle 1943" srcset="https://josselin-limon-duparcmeur.fr/wp-content/uploads/2020/08/mardi-noir-nantua-p13-727x1024.jpg 727w, https://josselin-limon-duparcmeur.fr/wp-content/uploads/2020/08/mardi-noir-nantua-p13-213x300.jpg 213w, https://josselin-limon-duparcmeur.fr/wp-content/uploads/2020/08/mardi-noir-nantua-p13-768x1082.jpg 768w, https://josselin-limon-duparcmeur.fr/wp-content/uploads/2020/08/mardi-noir-nantua-p13.jpg 1153w" sizes="auto, (max-width: 640px) 100vw, 640px" /></a>
			</dt></dl><dl class='gallery-item'>
			<dt class='gallery-icon portrait'>
				<a href='https://josselin-limon-duparcmeur.fr/?attachment_id=1872#main'><img loading="lazy" decoding="async" width="640" height="905" src="https://josselin-limon-duparcmeur.fr/wp-content/uploads/2023/09/p16-724x1024.jpg" class="attachment-large size-large" alt="mardi noir nantua ain musee resistance deportation bd historique histoire guerre mondiale swann meralli pierre mercier josselin limon duparcmeur rafle 1943" srcset="https://josselin-limon-duparcmeur.fr/wp-content/uploads/2023/09/p16-724x1024.jpg 724w, https://josselin-limon-duparcmeur.fr/wp-content/uploads/2023/09/p16-212x300.jpg 212w, https://josselin-limon-duparcmeur.fr/wp-content/uploads/2023/09/p16-768x1087.jpg 768w, https://josselin-limon-duparcmeur.fr/wp-content/uploads/2023/09/p16-1086x1536.jpg 1086w, https://josselin-limon-duparcmeur.fr/wp-content/uploads/2023/09/p16.jpg 1123w" sizes="auto, (max-width: 640px) 100vw, 640px" /></a>
			</dt></dl><dl class='gallery-item'>
			<dt class='gallery-icon portrait'>
				<a href='https://josselin-limon-duparcmeur.fr/?attachment_id=1226#main'><img loading="lazy" decoding="async" width="640" height="901" src="https://josselin-limon-duparcmeur.fr/wp-content/uploads/2020/08/mardi-noir-nantua-p33-727x1024.jpg" class="attachment-large size-large" alt="mardi noir nantua ain musee resistance deportation bd historique histoire guerre mondiale swann meralli pierre mercier josselin limon duparcmeur rafle 1943" srcset="https://josselin-limon-duparcmeur.fr/wp-content/uploads/2020/08/mardi-noir-nantua-p33-727x1024.jpg 727w, https://josselin-limon-duparcmeur.fr/wp-content/uploads/2020/08/mardi-noir-nantua-p33-213x300.jpg 213w, https://josselin-limon-duparcmeur.fr/wp-content/uploads/2020/08/mardi-noir-nantua-p33-768x1082.jpg 768w, https://josselin-limon-duparcmeur.fr/wp-content/uploads/2020/08/mardi-noir-nantua-p33.jpg 1153w" sizes="auto, (max-width: 640px) 100vw, 640px" /></a>
			</dt></dl><dl class='gallery-item'>
			<dt class='gallery-icon portrait'>
				<a href='https://josselin-limon-duparcmeur.fr/?attachment_id=1524#main'><img loading="lazy" decoding="async" width="640" height="901" src="https://josselin-limon-duparcmeur.fr/wp-content/uploads/2022/01/mardi-noir-nantua-p39-727x1024.jpg" class="attachment-large size-large" alt="" srcset="https://josselin-limon-duparcmeur.fr/wp-content/uploads/2022/01/mardi-noir-nantua-p39-727x1024.jpg 727w, https://josselin-limon-duparcmeur.fr/wp-content/uploads/2022/01/mardi-noir-nantua-p39-213x300.jpg 213w, https://josselin-limon-duparcmeur.fr/wp-content/uploads/2022/01/mardi-noir-nantua-p39-768x1082.jpg 768w, https://josselin-limon-duparcmeur.fr/wp-content/uploads/2022/01/mardi-noir-nantua-p39.jpg 1153w" sizes="auto, (max-width: 640px) 100vw, 640px" /></a>
			</dt></dl><br style="clear: both" />
		</div>

<p><a href="https://www.nantua.fr/culture/musee-de-la-resistance/" target="_blank" rel="noopener noreferrer">Musée de la Résistance et de la Déportation de l’Ain</a></p>


<p></p>

<p>Musée de la Résistance et de la Déportation de l’Ain</p>
