{"id":1222,"date":"2020-08-16T14:50:59","date_gmt":"2020-08-16T14:50:59","guid":{"rendered":"http:\/\/josselin-limon-duparcmeur.fr\/wp-content\/uploads\/2020\/08\/mardi-noir-nantua-couverture.jpg"},"modified":"2023-03-02T20:08:27","modified_gmt":"2023-03-02T20:08:27","slug":"mardi-noir-nantua-couverture","status":"inherit","type":"attachment","link":"https:\/\/josselin-limon-duparcmeur.fr\/?attachment_id=1222#main","title":{"rendered":"Mardi noir \u00e0 Nantua  (Sc\u00e9nario : Pierre Mercier &#038; Swann Meralli)"},"author":1,"featured_media":0,"comment_status":"closed","ping_status":"closed","template":"","meta":[],"class_list":["post-1222","attachment","type-attachment","status-inherit","hentry"],"description":{"rendered":"<p class=\"attachment\"><a href='https:\/\/josselin-limon-duparcmeur.fr\/wp-content\/uploads\/2020\/08\/mardi-noir-nantua-couverture.jpg'><img loading=\"lazy\" decoding=\"async\" width=\"212\" height=\"300\" src=\"https:\/\/josselin-limon-duparcmeur.fr\/wp-content\/uploads\/2020\/08\/mardi-noir-nantua-couverture-212x300.jpg\" class=\"attachment-medium size-medium\" alt=\"mardi noir nantua ain musee resistance deportation bd historique histoire guerre mondiale swann meralli pierre mercier josselin limon duparcmeur rafle 1943\" srcset=\"https:\/\/josselin-limon-duparcmeur.fr\/wp-content\/uploads\/2020\/08\/mardi-noir-nantua-couverture-212x300.jpg 212w, https:\/\/josselin-limon-duparcmeur.fr\/wp-content\/uploads\/2020\/08\/mardi-noir-nantua-couverture-768x1086.jpg 768w, https:\/\/josselin-limon-duparcmeur.fr\/wp-content\/uploads\/2020\/08\/mardi-noir-nantua-couverture-724x1024.jpg 724w, https:\/\/josselin-limon-duparcmeur.fr\/wp-content\/uploads\/2020\/08\/mardi-noir-nantua-couverture.jpg 794w\" sizes=\"auto, (max-width: 212px) 100vw, 212px\" \/><\/a><\/p>\n<p>Album de 56 pages \u00e9dit\u00e9 par les Amis du Mus\u00e9e de la R\u00e9sistance et de la D\u00e9portation de de l\u2019Ain, 2020<\/p>\n"},"caption":{"rendered":"<p>Album de 56 pages \u00e9dit\u00e9 par les Amis du Mus\u00e9e de la R\u00e9sistance et de la D\u00e9portation de de l\u2019Ain, 2020<\/p>\n"},"alt_text":"mardi noir nantua ain musee resistance deportation bd historique histoire guerre mondiale swann meralli pierre mercier josselin limon duparcmeur rafle 1943","media_type":"image","mime_type":"image\/jpeg","media_details":{"width":794,"height":1123,"file":"2020\/08\/mardi-noir-nantua-couverture.jpg","sizes":{"thumbnail":{"file":"mardi-noir-nantua-couverture-150x150.jpg","width":150,"height":150,"mime_type":"image\/jpeg","source_url":"https:\/\/josselin-limon-duparcmeur.fr\/wp-content\/uploads\/2020\/08\/mardi-noir-nantua-couverture-150x150.jpg"},"medium":{"file":"mardi-noir-nantua-couverture-212x300.jpg","width":212,"height":300,"mime_type":"image\/jpeg","source_url":"https:\/\/josselin-limon-duparcmeur.fr\/wp-content\/uploads\/2020\/08\/mardi-noir-nantua-couverture-212x300.jpg"},"medium_large":{"file":"mardi-noir-nantua-couverture-768x1086.jpg","width":768,"height":1086,"mime_type":"image\/jpeg","source_url":"https:\/\/josselin-limon-duparcmeur.fr\/wp-content\/uploads\/2020\/08\/mardi-noir-nantua-couverture-768x1086.jpg"},"large":{"file":"mardi-noir-nantua-couverture-724x1024.jpg","width":724,"height":1024,"mime_type":"image\/jpeg","source_url":"https:\/\/josselin-limon-duparcmeur.fr\/wp-content\/uploads\/2020\/08\/mardi-noir-nantua-couverture-724x1024.jpg"},"post-thumbnail":{"file":"mardi-noir-nantua-couverture-480x640.jpg","width":480,"height":640,"mime_type":"image\/jpeg","source_url":"https:\/\/josselin-limon-duparcmeur.fr\/wp-content\/uploads\/2020\/08\/mardi-noir-nantua-couverture-480x640.jpg"},"full":{"file":"mardi-noir-nantua-couverture.jpg","width":794,"height":1123,"mime_type":"image\/jpeg","source_url":"https:\/\/josselin-limon-duparcmeur.fr\/wp-content\/uploads\/2020\/08\/mardi-noir-nantua-couverture.jpg"}},"image_meta":{"aperture":"0","credit":"","camera":"","caption":"","created_timestamp":"0","copyright":"","focal_length":"0","iso":"0","shutter_speed":"0","title":"","orientation":"1","keywords":[]}},"post":1221,"source_url":"https:\/\/josselin-limon-duparcmeur.fr\/wp-content\/uploads\/2020\/08\/mardi-noir-nantua-couverture.jpg","_links":{"self":[{"href":"https:\/\/josselin-limon-duparcmeur.fr\/index.php?rest_route=\/wp\/v2\/media\/1222","targetHints":{"allow":["GET"]}}],"collection":[{"href":"https:\/\/josselin-limon-duparcmeur.fr\/index.php?rest_route=\/wp\/v2\/media"}],"about":[{"href":"https:\/\/josselin-limon-duparcmeur.fr\/index.php?rest_route=\/wp\/v2\/types\/attachment"}],"author":[{"embeddable":true,"href":"https:\/\/josselin-limon-duparcmeur.fr\/index.php?rest_route=\/wp\/v2\/users\/1"}],"replies":[{"embeddable":true,"href":"https:\/\/josselin-limon-duparcmeur.fr\/index.php?rest_route=%2Fwp%2Fv2%2Fcomments&post=1222"}]}}

Mardi noir à Nantua  (Scénario : Pierre Mercier &#038; Swann Meralli)

<p class="attachment"><a href='https://josselin-limon-duparcmeur.fr/wp-content/uploads/2020/08/mardi-noir-nantua-couverture.jpg'><img loading="lazy" decoding="async" width="212" height="300" src="https://josselin-limon-duparcmeur.fr/wp-content/uploads/2020/08/mardi-noir-nantua-couverture-212x300.jpg" class="attachment-medium size-medium" alt="mardi noir nantua ain musee resistance deportation bd historique histoire guerre mondiale swann meralli pierre mercier josselin limon duparcmeur rafle 1943" srcset="https://josselin-limon-duparcmeur.fr/wp-content/uploads/2020/08/mardi-noir-nantua-couverture-212x300.jpg 212w, https://josselin-limon-duparcmeur.fr/wp-content/uploads/2020/08/mardi-noir-nantua-couverture-768x1086.jpg 768w, https://josselin-limon-duparcmeur.fr/wp-content/uploads/2020/08/mardi-noir-nantua-couverture-724x1024.jpg 724w, https://josselin-limon-duparcmeur.fr/wp-content/uploads/2020/08/mardi-noir-nantua-couverture.jpg 794w" sizes="auto, (max-width: 212px) 100vw, 212px" /></a></p>
<p>Album de 56 pages édité par les Amis du Musée de la Résistance et de la Déportation de de l’Ain, 2020</p>

<p>Album de 56 pages édité par les Amis du Musée de la Résistance et de la Déportation de de l’Ain, 2020</p>
